= 6*m**3 - 3*m**2 + m. Let r be x(2). Suppose 2*q - r + 10 = -2*w, -106 = -5*q + 4*w. What are the prime factors of q?
2, 3
Suppose -w - r + 3 = -12, -r = -5*w + 75. Suppose 0 = 2*c - 3*f - w, 0 = -5*c + 2*f + 30 - 9. Suppose -2*z = c*z - 40. List the prime factors of z.
2
Let w(d) = -d**2 + 6*d. Suppose 3*f + 12 = 5*f. Let h be w(f). Suppose -5*c - 36 = -3*b, h*b + 2*b - 5 = -3*c. What are the prime factors of b?
7
Let x = 2 - -6. What are the prime factors of 2/8 + 86/x?
11
List the prime factors of 45*(-3 + (-48)/(-10)).
3
Suppose 2*p - 2 = 4*p, -4*p + 8 = 2*a. Let d = 9 - a. Suppose -23 = -d*q - m + 31, -q = 5*m - 18. What are the prime factors of q?
2, 3
Let s = -156 - -240. List the prime factors of s.
2, 3, 7
Let w(z) = -2*z**3 - 5*z**2 - 5*z - 3. Suppose 0*m - 6 = 2*m. List the prime factors of w(m).
3, 7
Suppose 5*x - 3*z - 366 = 3*x, 2*x = 2*z + 370. What are the prime factors of x?
3, 7
Let l(n) = -n**2 + 5. Let o(k) = 2*k**2 - k - 10. Suppose -20 = -3*r - r. Let y(g) = r*l(g) + 3*o(g). What are the prime factors of y(5)?
5
Let k(x) = -9*x + 4. Let l be k(-3). Suppose h - 22 = -2*y, -h - 3*y = 2*y - l. Suppose 4*q - h = 4. List the prime factors of q.
5
What are the prime factors of 179 - (32/20)/(8/20)?
5, 7
Suppose -5*u = -5*t + 50, -5*t = -8*t + 2*u + 30. Let d = -17 + t. Let i = d + 14. List the prime factors of i.
7
Suppose -4*x + 2*v = v - 352, x + 3*v = 75. What are the prime factors of x?
3, 29
Suppose -3*i + 67 - 16 = 0. Let b = -10 + i. List the prime factors of b.
7
Let m(a) = 5*a**3 - 28*a**2 - 23. Let t(q) = 2*q**3 - 9*q**2 - 8. Let u(p) = -3*m(p) + 8*t(p). List the prime factors of u(-12).
5
Let f = 24 + -3. What are the prime factors of f?
3, 7
Let m = -259 + 145. Let k be (-6)/(-8) + m/(-8). Suppose 3 = d - v - 2, -4*d + 5*v = -k. What are the prime factors of d?
2, 5
Suppose 0*z + 126 = 3*z. What are the prime factors of z?
2, 3, 7
Suppose 20 = 4*t - 3*t. Suppose 0 = 5*w - 14 - 16. Suppose -w*m = -2*m - t. List the prime factors of m.
5
List the prime factors of (-23)/3*6*-1.
2, 23
Let z = 116 - -253. What are the prime factors of z?
3, 41
Suppose -22 = 3*v - 5*v. Suppose z = 3*l + v, 2*z - 55 = -3*z - 3*l. List the prime factors of z.
11
Let w be 215/20 + (-2)/(-8). Let r(p) = 1 + p**2 - 3*p - 6*p - 6. List the prime factors of r(w).
17
Let x = -4 + 9. Suppose 0 = -c, l + x*c = -3*l. Suppose -3 = -o - l*o. What are the prime factors of o?
3
Let b(g) = g**2 + 3*g - 4. Let u be b(-10). Suppose 0 = -2*v - 0*v + u. List the prime factors of v.
3, 11
Suppose -3*a + 21 = -0. Let m be a/2*(-4)/(-1). Let s = m - 8. List the prime factors of s.
2, 3
Let t(p) = p**3 - 7*p**2 - 15*p + 7. What are the prime factors of t(9)?
2, 17
What are the prime factors of 28 - (-4)/(-4) - -4?
31
Let m be ((-8)/(-20))/((-2)/(-230)). Suppose -6*k + m = -4*k. List the prime factors of k.
23
Let m(l) = l**3 + 2*l**2 + l + 1. Let p be m(-2). Let k be 2/p + -3 + 9. Suppose 5 = -3*z + k*z. List the prime factors of z.
5
Let h be (-2 + 88)*(-1)/(-2). Let d = 65 - h. Suppose -3*b = -g - 22, 4*g + d = 4*b + 6. List the prime factors of b.
3
Suppose 4*i = 3*i + 12. Suppose 2*s + i = -5*x - 2*s, -5*s = -10. List the prime factors of (-2 + 1)*(-7 + x).
11
Suppose 0 = 2*s + 3*r + 29, -3*s + 4*s = r - 2. Let h = 39 + -22. Let w = h + s. List the prime factors of w.
2, 5
Suppose p - 3*p + 115 = 3*b, -3*b = 3*p - 117. List the prime factors of b.
37
Let g = 210 - 138. Suppose -3*n - 15 = -4*p + 61, -4*p + g = -2*n. What are the prime factors of p?
2
Suppose -o - o = 2*p, 4*p + o = 9. Let v(w) be the first derivative of 5*w**2/2 + 3*w + 1. What are the prime factors of v(p)?
2, 3
Suppose -2*l + 52 - 6 = 0. What are the prime factors of l?
23
Suppose -5 = -3*n + 1. Suppose n*w + 9 = -27. Let v = w - -28. What are the prime factors of v?
2, 5
Let c = 61 - -8. List the prime factors of c.
3, 23
Suppose -7*z = z - 1808. List the prime factors of z.
2, 113
Let i = 24 - -14. Suppose -3*n = 3*u - 2*n - i, 0 = -3*u + 4*n + 13. Let s = 1 + u. What are the prime factors of s?
2, 3
List the prime factors of -1*3 - (-51 + 8).
2, 5
List the prime factors of 3/(((-2)/4)/((-770)/20)).
3, 7, 11
Let b = 3 + 13. Let i = -8 + b. List the prime factors of i.
2
Suppose -10 = -5*s, 0 = -b + 2*s + 2*s - 10. Let m(x) = -3*x**3 + x**2. List the prime factors of m(b).
2, 7
Let o(q) = q**2 - 8*q + 13. Let r be o(-9). Suppose -31 = 3*s - r. What are the prime factors of s?
3, 5
Let h = -55 - -119. Let p = h - 10. Let i = p + -37. What are the prime factors of i?
17
Suppose -11 = g + 17. Let q = g - -49. List the prime factors of q.
3, 7
Let q(b) = 16*b**3 + 2*b**2 - 5*b + 3. What are the prime factors of q(2)?
3, 43
Suppose -1 = u + 29. List the prime factors of 4/(-6) - 560/u.
2, 3
Let u = -19 - -43. Suppose -2*w + u = -3*k, 0*w = 2*w - k - 28. What are the prime factors of w?
3, 5
Let c(t) = -2*t - 4. Let y be c(-4). Let i(l) = l + 11. Let r be i(0). Suppose r = -y*x + 39. What are the prime factors of x?
7
Let z = 3 + 52. List the prime factors of z.
5, 11
Let l(k) = -k**3 + 8*k**2 + 11*k - 12. Let p be l(9). Suppose -14 = -2*z - p. List the prime factors of z.
2
Let g(n) be the first derivative of n**4/4 + 4*n**3/3 - 2*n**2 + 2*n - 2. Let l be g(-5). What are the prime factors of (-2)/(l/9*2)?
3
Let c = -9 - -14. Suppose 5*k + c*v - 50 = 0, -5*v = 4*k - 0*k - 44. Let x = k + -3. What are the prime factors of x?
3
Let v be 1*(1 + -4 + -2). Let t(r) = 3*r**3 - 3*r**2 + 2*r + 2. Let j be t(2). Let w = j + v. What are the prime factors of w?
13
Let x(r) = 29*r**2 - r + 2. List the prime factors of x(1).
2, 3, 5
Suppose -7*f + 735 = -455. List the prime factors of f.
2, 5, 17
Let k(c) = -c**3 + 2*c**2 - c + 53. List the prime factors of k(0).
53
Let u(m) = 2*m - 2. Let k(n) = 1. Let j(y) = 3*k(y) + u(y). Let v be j(-4). Let g(h) = -h**3 - 8*h**2 - 7*h + 10. What are the prime factors of g(v)?
2, 5
Suppose -n - 6 = -0*n. Let g = -5 + 4. Let h = g - n. List the prime factors of h.
5
Let h = -2 - -1. Let r(p) = 2*p**2. Let q be r(h). What are the prime factors of -6*(-1*2)/q?
2, 3
List the prime factors of 2/(6/9) - -39.
2, 3, 7
Let i(b) = 2*b**2 + 3*b + 3. List the prime factors of i(-6).
3, 19
Let n(y) be the second derivative of -11*y**3/6 + 11*y**2/2 + 7*y. List the prime factors of n(-4).
5, 11
List the prime factors of 2/(-10) + 2676/30.
89
Let f be -5*((-12)/5)/4. Suppose -t = f*t - 32. What are the prime factors of t?
2
Let a(x) = -8*x**2 - 1. Let p be a(-1). Let g = p - -6. Let s = 5 - g. List the prime factors of s.
2
Let m be (64/(-80))/(1/10). Let k(d) be the first derivative of -d**4/4 - 3*d**3 - 9*d**2/2 - 5*d + 1. What are the prime factors of k(m)?
3
Let b(d) = 2*d + 15. List the prime factors of b(6).
3
Suppose -2*h - h - 3 = 0, h - 8 = -3*f. Suppose 6*y - f*y = -4*k + 58, k + 5*y = 23. What are the prime factors of k?
13
Let t = -14 - -8. List the prime factors of (-38)/(-6) - 4/t.
7
Let m be 21 - 3/(-6)*-2. Let w = 31 - m. Let a = 20 - w. What are the prime factors of a?
3
Let z(n) = 9*n + 7. Let o be z(5). Suppose -16 = 4*m - o. What are the prime factors of m?
3
Suppose -32 = -2*g - 6. List the prime factors of g/3 - 6/(-9).
5
Let i be 0/(20/(-4)) + -1. Suppose 0*k = 3*k + 6. What are the prime factors of (14/k - i)/(-2)?
3
Let q = -2 - -14. Suppose -69 + q = -3*m. What are the prime factors of m?
19
Let q = 3 - -23. List the prime factors of q.
2, 13
Let w = 39 + -18. Suppose y = w - 2. What are the prime factors of y?
19
Suppose 0*r + r = 0, -4*c - 2*r + 564 = 0. What are the prime factors of c?
3, 47
Suppose -2*j - 18 = 4*q, 12 = -2*j - 2*q - 8. Let a(h) = 2*h**3 - 4*h**2 + 3*h - 3. Let y be a(3). Let m = y + j. What are the prime factors of m?
13
Let u be (-2)/(4/45)*2. List the prime factors of -2 + 1 - (u - 3).
47
Suppose 4*n = -2*c - 1 + 17, n + 1 = -3*c. List the prime factors of n.
5
Suppose 0*i + i = -22. Let v = i + 47. List the prime factors of v.
5
Let w be -2*(0 - (-4 - -3)). List the prime factors of -2 - 42/(w/1).
19
Let z = 24 + 15. Suppose 3*k + b = z, -30 = -5*k + b + 35. List the prime factors of k.
13
Suppose 0 = 4*k - o - 3*o - 764, 2*k + 2*o - 362 = 0. What are the prime factors of k?
2, 3, 31
What are the prime factors of -1 + -6*(-4 - 2)?